False
Is 12691649 a multiple of 52?
False
Is 39483177 a multiple of 635?
False
Is 1498 a factor of 67246718?
True
Is 1470 a factor of 34486200?
True
Is 21 a factor of 28962593?
False
Is 45559802 even?
True
Does 267 divide 214926990?
True
Is 96 a factor of 633285216?
True
Is 4 a factor of 163228824?
True
Does 6 divide 743931147?
False
Does 8498 divide 860923882?
True
Is 38551982 a multiple of 70?
False
Is 19 a factor of 1064125?
False
Is 471611764 a multiple of 248?
False
Is 206855 a multiple of 5?
True
Is 4528 a factor of 149541713?
False
Is 16 a factor of 719642428?
False
Is 5 a factor of 19603795?
True
Is 4891 a factor of 81513406?
True
Is 63878634 a multiple of 187?
False
Is 38370831 a multiple of 5214?
False
Is 2812 a factor of 2618095221?
False
Is 900 a factor of 2846216113?
False
Does 311 divide 27877418?
True
Is 326 a factor of 207260251?
False
Is 21313846 a multiple of 5?
False
Is 1486 a factor of 93968696?
True
Does 177 divide 9118684?
False
Does 3127 divide 1336648658?
True
Is 5 a factor of 617936445?
True
Is 1325994925 a multiple of 39?
False
Does 5 divide 3908752?
False
Is 277398715 a multiple of 266?
False
Is 2051 a factor of 29659511?
True
Is 84 a factor of 40485144?
True
Is 10962205 a multiple of 475?
False
Is 8 a factor of 1935093184?
True
Is 278284788 a multiple of 406?
False
Does 325 divide 80545904?
False
Is 25 a factor of 2734089?
False
Does 3 divide 34876312?
False
Does 36 divide 37057320?
True
Does 21 divide 1259644530?
False
Is 132 a factor of 235914127?
False
Does 230 divide 154304879?
False
Is 381 a factor of 350332972?
False
Is 1125 a factor of 3588996802?
False
Is 69 a factor of 244126485?
True
Is 165 a factor of 5557860?
True
Does 1522 divide 61717100?
True
Does 82 divide 324025640?
False
Does 25 divide 859049888?
False
Is 207 a factor of 145240254?
False
Is 21188040 a multiple of 17?
False
Does 40 divide 714758086?
False
Does 40 divide 208036187?
False
Is 238051340 a multiple of 4699?
True
Does 86 divide 388572978?
False
Is 15030782 a multiple of 121?
False
Is 27 a factor of 15318261?
True
Is 32072317 a multiple of 3?
False
Is 589087144 a multiple of 2562?
False
Is 112 a factor of 709503897?
False
Is 2540510 a multiple of 14?
True
Does 516 divide 5976312?
True
Does 31 divide 16791208?
False
Is 119 a factor of 10638362?
True
Does 286 divide 35552957?
False
Does 34 divide 454739834?
True
Is 949 a factor of 33185720?
False
Is 5401296 a multiple of 36?
True
Does 115 divide 52285095?
True
Does 43 divide 88804518?
False
Is 895 a factor of 306189140?
False
Is 70493995 a multiple of 715?
True
Is 387234583 a multiple of 5021?
True
Is 6046706 a multiple of 6?
False
Does 9 divide 49319956?
False
Does 2498 divide 35202288?
False
Is 6450100 a multiple of 14?
False
Does 4 divide 7007601?
False
Does 3406 divide 517132980?
True
Is 18732520 a multiple of 215?
True
Is 3128502 a multiple of 38?
True
Is 87 a factor of 257267414?
False
Is 18 a factor of 119789503?
False
Does 30 divide 104730603?
False
Is 165953017 a multiple of 59?
True
Is 3325486306 a multiple of 71?
False
Is 244 a factor of 34112247?
False
Is 48227093 a multiple of 239?
True
Is 3187 a factor of 1107364581?
True
Is 27092959 a multiple of 17?
False
Does 158 divide 282199241?
False
Does 59 divide 1392189134?
True
Is 245290667 a multiple of 21?
False
Is 530816 a multiple of 1856?
True
Is 1181 a factor of 69657742?
True
Is 23364824 a multiple of 56?
True
Is 5 a factor of 19236284?
False
Is 384 a factor of 30695266?
False
Is 92202773 a multiple of 34?
False
Does 4 divide 18684621?
False
Does 1179 divide 26720856?
True
Is 664 a factor of 251183232?
True
Is 94 a factor of 93039038?
True
Is 3208 a factor of 34399384?
True
Is 31384415 a multiple of 347?
True
Is 2133 a factor of 29547450?
False
Is 63772830 a multiple of 90?
True
Is 368609148 a multiple of 346?
False
Is 2407404435 a multiple of 4973?
True
Is 6 a factor of 5855402?
False
Is 166 a factor of 520700500?
True
Is 3047 a factor of 2578362259?
True
Is 59350316 a multiple of 244?
True
Is 109 a factor of 771401008?
False
Is 2557191813 a multiple of 33?
True
Does 39 divide 285545169?
True
Is 312221044 a multiple of 110?
False
Does 54 divide 130145238?
True
Is 38 a factor of 167586219?
False
Is 263 a factor of 2631315?
True
Does 284 divide 5200687?
False
Is 2507390 a multiple of 5?
True
Is 256615716 a multiple of 2647?
False
Does 18 divide 80647394?
False
Is 114 a factor of 15823297?
False
Is 1062749322 a multiple of 159?
True
Is 456263194 a multiple of 387?
False
Is 390 a factor of 16611270?
True
Is 40295404 a multiple of 185?
False
Is 4650280762 a multiple of 118?
True
Is 423078301 a multiple of 381?
False
Does 48 divide 415000492?
False
Is 3096 a factor of 38851704?
True
Is 1741 a factor of 154173885?
False
Is 33 a factor of 14755928?
False
Is 494634525 a multiple of 3395?
True
Is 129 a factor of 327450804?
False
Is 26 a factor of 1573801008?
True
Does 27 divide 8979900?
False
Is 835 a factor of 53649585?
True
Is 63532576 a multiple of 932?
True
Is 17 a factor of 90223641?
True
Does 980 divide 18072180?
True
Is 8 a factor of 21793762?
False
Does 5 divide 234929835?
True
Does 37 divide 2473519042?
True
Is 106144821 a multiple of 1382?
False
Does 1568 divide 22055488?
True
Is 50 a factor of 305391093?
False
Is 717691536 a multiple of 48?
True
Is 712 a factor of 197101536?
True
Is 464186441 a multiple of 177?
False
Does 16 divide 18296493?
False
Is 26573198 a multiple of 25?
False
Does 50 divide 6468857300?
True
Is 185350473 a multiple of 99?
True
Is 264603015 a multiple of 1113?
False
Is 216 a factor of 374747568?
False
Does 56 divide 54539205?
False
Is 81129220 a multiple of 34?
False
Is 132 a factor of 1544653296?
False
Is 51939805 a multiple of 5?
True
Is 428 a factor of 44339558?
False
Is 11584800 a multiple of 150?
True
Is 18 a factor of 86213844?
True
Is 16 a factor of 1839650144?
True
Is 254671145 a multiple of 235?
True
Is 1544615 a multiple of 23?
False
Is 1045 a factor of 151226130?
True
Does 8 divide 759997040?
True
Does 136 divide 1489557000?
True
Is 47 a factor of 3042442728?
True
Does 42 divide 1835978?
False
Is 396 a factor of 26055216?
True
Does 12 divide 7227192?
True
Is 665 a factor of 5484255?
True
Is 662 a factor of 3606791303?
False
Does 60 divide 1096030020?
True
Does 12 divide 145816308?
True
Is 581093280 a multiple of 30?
True
Is 182266503 a multiple of 716?
False
Does 1525 divide 869358777?
False
Does 35 divide 148816079?
False
Does 156 divide 2063519712?
False
Is 46 a factor of 140878588?
True
Does 10 divide 73987568?
False
Is 5209 a factor of 455855217?
True
Is 671371956 a multiple of 74?
True
Is 2092 a factor of 31427153?
False
Does 14 divide 15809723?
False
Does 3 divide 669431?
False
Does 13 divide 22061341?
False
Does 18 divide 29555010?
True
Is 19322808 a multiple of 30?
False
Is 407411448 a multiple of 12?
True
Is 24 a factor of 168547421?
False
Is 700182730 a multiple of 13?
True
Is 3204 a factor of 69199992?
True
Is 147122989 a multiple of 13?
True
Is 75186860 a multiple of 371?
True
Does 660 divide 33233640?
True
Is 946483350 a multiple of 15?
True
Is 5774652 a multiple of 12?
True
Is 745484378 a multiple of 8?
False
Does 93 divide 312948570?
False
Is 27 a factor of 84513133?
False
Does 96 divide 77752485?
False
Does 87 divide 158704118?
False
Is 1971632586 a multiple of 1359?
False
Is 1478503100 a multiple of 1940?
True
Is 344358 a multiple of 3?
True
Is 111 a factor of 33433200?
True
Does 69 divide 18930564?
True
Is 95637138 a multiple of 6?
True
Is 22 a factor of 50292479?
False
Is 2176555176 a multiple of 213?
False
Is 160 a factor of 2123318328?
False
Is 405 a factor of 5574916?
False
Is 5 a factor of 28160010?
True
Is 5432 a factor of 141784987?
False
Is 8110196 a multiple of 684?
False
Does 30 divide 68383842?
False
Does 32 divide 215465408?
True
Is 6 a factor of 294951000?
True
Is 24 a factor of 10937372?
False
Does 966 divide 463542231?
False
Is 4919292770 a multiple of 7052?
False
Does 2 divide 6819215?
False
Does 906 divide 42063861?
False
Is 558 a factor of 133710360?
False
Is 1174071656 a multiple of 86?
True
Is 7 a factor of 229547829?
True
Is 20912304 a multiple of 24?
True
Does 344 divide 74062168?
True
Does 2146 divide 140760432?
True
Does 2334 divide 46250200?
Fals